= b + 37. Let z(m) = -10*m + 1. Give z(c).
-9
Suppose -2*o - 28 = 3*l + 10, -l + 95 = -5*o. Let u(k) = -k**2 - 18*k + 15. Determine u(o).
-4
Let a be (143/572)/((-3)/60). Let d(m) = -m**2 - m + 3. Let x(u) = 3*u**2 + 2*u - 10. Let k(f) = 7*d(f) + 2*x(f). What is k(a)?
-9
Let x(k) = 346*k + 1041. Let i be x(-3). Let p(u) = -2*u**2 - 14*u + 53. Determine p(i).
-7
Let g(i) = -4*i**3 + 6*i**3 - i**3 + 10*i**2. Let j = -35 - -26. Let c be j + (-3)/((-15)/(-5)). Determine g(c).
0
Let j = -6094 - -6095. Let o(z) = -6*z + 9. What is o(j)?
3
Suppose -3*f = 2*f - 4*n + 10, -2*f + 14 = 2*n. Let v(r) = -2*r**2 + 2 + 11*r + 2*r**2 + 0*r**f + r**2 + 2. Give v(-11).
4
Suppose 4*i = -4, -5*s + 350 = 3*i - 567. Let v be 1/(-6)*-4 - s/(-12). Suppose 17*c - 9*c = v. Let b(q) = -q**3 - 4*q**2 + 3*q - 1. Determine b(c).
-19
Let k(m) be the first derivative of -m**4/4 + 4*m**3/3 + 4*m**2 - 43*m - 505. Determine k(5).
-28
Let a(q) = -5*q**3 + 15*q**3 - 11*q**3 + q**2 + q - 10. Suppose 2*z + 10 = -v, 4*z = 4*v + 314 - 334. Give a(v).
-10
Let p(j) = 40*j**3 - 29*j + 27*j - 21*j**3 - 4*j**2 + 1 - 20*j**3. Determine p(-2).
-3
Let x(j) = -j**2 + 5*j + 4. Let o = -4011 - -4019. What is x(o)?
-20
Let l(w) = -w + 1. Let k be ((-3)/6)/(7/28). Let r(s) = -s**3 - 2*s**2 - 2*s + 1. Let t be r(k). Suppose 0 = 8*y - 7*y + t, -4*f + 5*y = -9. What is l(f)?
5
Let z(c) = -7*c**2 - 32. Let r(m) = 3*m**2 + 15. Let f(w) = -5*r(w) - 2*z(w). Let p(s) = -s**2 - 4*s - 3. Let n be p(-3). Calculate f(n).
-11
Let r(k) = 6*k**2 - 4*k + 4. Let c be (-13 - -19)/((-45)/(-30)). Give r(c).
84
Let n(o) = 54*o**3 + 83*o**2 + 6*o - 12. Let u(i) = -56*i**3 - 69*i**2 - 5*i + 10. Let c(q) = 5*n(q) + 6*u(q). What is c(-1)?
67
Let z be 15552/(-1080) - 6/10. Let l(a) = -a**3 - 16*a**2 - 17*a + 12. Calculate l(z).
42
Suppose -3 - 9 = -4*k. Suppose -4*b - 8 = -5*r - k*b, 0 = -4*r + 4*b. Let v(n) = -1056*n + 1. Let i(p) = -633*p + 1. Let f(d) = -5*i(d) + 3*v(d). Give f(r).
-8
Let o be (2/((-12)/18))/((-6)/4). Let q(f) = -15*f + 12 + 24*f**o - 25*f**2 - 8. Give q(-15).
4
Let b(t) = t**3 + 97*t**2 + 10 - 98*t**2 - 13. Let m(x) = 5*x**3 - 7*x**2 + 3*x - 9. Let u(n) = 3*b(n) - m(n). What is u(2)?
-6
Let g be 8/28 - (-66)/14. Suppose g*p = 5*v, 2*p = -4*v + 3*p + 6. Let f(q) = 2*q**v - 3*q**2 - 7*q**3 + 0*q**2. Give f(1).
-8
Let i(a) = -3 - 28*a + 10*a**2 + 3*a**2 + a**3 + 2*a**2 + 17*a**2 - 6*a**2. What is i(-27)?
24
Let r be 4*((-1)/(-2) - 0). Let u(h) = -54*h**2 - 66*h + 53. Let l(c) = -4*c**2 - 5*c + 4. Let q(m) = 53*l(m) - 4*u(m). Determine q(r).
14
Let k(x) = x**2 + 5*x - 25. Suppose -2*m - 4 = -2*o, 1 = 5*o - 2*m - 15. What is k(o)?
11
Suppose 2*f + 0*i + 4*i = -6, 5*f - 3*i - 37 = 0. Let k(a) = 3*a**2 + 6 - 2*a + f*a + a**2 + a**3. Suppose -3*v = -4*v - 4. Determine k(v).
-6
Let v(i) = i**3 + 20*i**2 + 21*i + 33. Let h be v(-19). Let w(f) = f**3 + 2*f**2 - 17*f - 6. Let t be w(h). Let q(m) = m**3 - 5*m**2 + 6*m - 13. Calculate q(t).
-5
Let l = 73 + -21. Let z(t) = -t**2 - 3*t**2 + 6*t**2 - l + 53. Determine z(-1).
3
Let t(f) = 3*f + 30. Let l be t(9). Let y = l + -46. Suppose -12*d - 3 = -y*d. Let h(r) = -2*r**2 - 3*r - 1. What is h(d)?
-10
Let c(f) = -305 - 303 + 606 + f + 88*f**2. Determine c(1).
87
Let v(z) be the second derivative of 1/12*z**4 - 7 - 4*z - 1/6*z**3 + 1/2*z**2. Determine v(0).
1
Suppose -5*f + 4*f = -6. Let s = 127 + -123. Let c(h) = 18*h**3 - h**2 - s*h - 3 - 17*h**3 - 6*h**2 + 2*h**2. Calculate c(f).
9
Let g(c) = 13*c + 119. Let m = 323 + -332. Let s be g(m). Let y(n) = -4*n**3 + 4*n**2 - 2*n - 2. Determine y(s).
-22
Let m(n) = -n**3 + 19*n + 26 + 5*n**2 - 25*n + 8*n. Let b(o) = o**2 - 4*o + 9. Let h be b(3). Calculate m(h).
2
Suppose 8*h - 4*h = 4*m - 56, 0 = -4*m - 20. Let n = -13 - h. Let z(c) = -2*c**3 + c + 8*c**2 + c**3 - 2*c**2 - 1. What is z(n)?
5
Let b(k) = 1578 - 1576 + 3*k - 2*k. Determine b(-7).
-5
Let x(p) = -p**2 + 7*p - 4. Let s(m) = 4*m**2 + m + 1. Let o be s(-1). Suppose o*v = 27 - 3. Let a be 8/1 - (v - (-2 + 7)). Calculate x(a).
-4
Let v(c) = 2*c + 3. Let b(h) = -196*h - 560. Let x(d) = b(d) + 112*v(d). Calculate x(8).
0
Let p(u) = -13*u**2 - 43*u - 364. Let i(t) = 22*t**2 + 86*t + 741. Let b(y) = -3*i(y) - 5*p(y). What is b(-14)?
3
Suppose 0 = 111*l - 96*l - 1275. Let f(o) = -l + 4*o + 0*o - 3*o + 97. Suppose -6*z = 5*k - 3*z + 43, -34 = 2*k - 3*z. Give f(k).
1
Let i(a) = -18*a + 134. Let j be i(7). Let s(q) = 4*q**3 + j*q**2 - 21*q**2 + 15*q**2 + q + 3*q**3 + 15*q**3. What is s(-1)?
-21
Let u(b) = -3*b - 5. Let y be 6 + 55 - (-5)/(10/6). Let h = y - 64. Calculate u(h).
-5
Let z(h) = h**2 - 72*h + 1172. Let r be z(25). Let l(k) = 2*k**3 + 3*k**2 - 4*k - 2. Calculate l(r).
-17
Suppose -2*l = -l + 2. Let i(n) be the first derivative of -n**5/30 + n**3/6 - 25*n**2/2 - 2*n + 56. Let m(z) be the second derivative of i(z). Determine m(l).
-7
Let w(j) = 3*j**2 - 2*j + 11. Let f(n) = 4*n**2 - 3*n + 13. Let u(s) = -4*f(s) + 5*w(s). Let q be (-7)/4 + (-2)/8. Determine u(q).
-5
Let s = 56 - 55. Let m(w) = -s - 6*w**2 + 0*w - 10*w + 2 + 5*w**2. Give m(-9).
10
Let y(k) = k**3 - 7*k**2 - 10*k + 11. Suppose t - 99 + 91 = 0. Suppose 4*s - 5*n = 32, -9*n - t = -s - 6*n. What is y(s)?
-5
Let g be 144/96*8/6. Let t(j) = -4*j**2 + j**2 - g*j**2 - j**3 + 34*j - 28*j. Give t(-6).
0
Let w be (8/(-12))/((-4)/6)*-7. Let c(m) be the first derivative of -m**4/4 - 7*m**3/3 - 3*m**2/2 + 3*m + 452. Calculate c(w).
24
Let u(c) = -c**3 - 6*c**2 + 5*c - 1. Let x be (-21 - -10 - -4)*(9 + -8). What is u(x)?
13
Suppose 62 + 68 = 50*h - 270. Let o(p) = p**3 - 8*p**2 + 2*p - 6. What is o(h)?
10
Let u(p) = 7*p**2 - 18*p + 26. Let s(z) be the first derivative of -4*z**3/3 + 4*z**2 - 13*z + 62. Let q(g) = 5*s(g) + 3*u(g). Determine q(13).
0
Let q(c) be the second derivative of c**4/12 - c**3/3 + 7*c**2 - 6*c + 5. Let m(i) = -i**2 + 3*i - 20. Let h(o) = 5*m(o) + 7*q(o). Determine h(-2).
4
Let q(x) = 2*x**2 + 6*x + 10. Let a(w) = 3*w**2 + 11*w + 18. Suppose 40 = 5*y - 4*i + 7*i, -4*y + 3*i = -5. Let j(u) = y*q(u) - 3*a(u). Determine j(6).
14
Let w(l) = l**3 + 2*l - 3 + 0 + 6*l**2 + 0*l. Let g be 72/64*20/3*56/(-70). Determine w(g).
-15
Let l(k) be the third derivative of -k**6/120 - k**5/12 + k**4/8 + 5*k**3/6 - 126*k**2. Let g(n) = -14*n - 89. Let o be g(-6). Calculate l(o).
-10
Suppose -8*b - 850 = -212*b + 170. Let q(z) = -2*z + 1. What is q(b)?
-9
Let i(o) = o**3 + 3*o**2 + 3*o + 3. Let w(a) be the third derivative of -a**5/30 - a**4/4 + a**3 + 2*a**2 + 14. Let k be w(-4). What is i(k)?
1
Let t(w) = 3*w**2 - 80*w - 102. Let y be 3350/1340*8/5*(0 + 7). Determine t(y).
10
Let n(a) = -54*a + 59. Let h(l) = 9*l - 10. Let o(r) = 34*h(r) + 6*n(r). Let w be o(1). Let j(z) = -15*z + 3 + 26*z - 10*z. Calculate j(w).
-1
Let f = -2843 - -2841. Let r(c) = -8*c**2 + 2*c + 1. Give r(f).
-35
Let p = 384 - 385. Let g(v) = v - 6*v - 1 + 3*v - 5*v. Calculate g(p).
6
Let g(r) = -r**3 - 10*r**2 - 6*r + 25. Let c = 3419 + -3428. What is g(c)?
-2
Let d(n) be the first derivative of 7*n**2/2 - 2*n - 2444. Suppose 0*z - 3*z - 9 = 0. Calculate d(z).
-23
Suppose 19*k + 30 = 25*k. Let n(r) = -20*r**2 + 6*r - 5. Let t(x) = 19*x**2 - 5*x + 4. Let u(z) = k*t(z) + 4*n(z). Determine u(1).
14
Let o(j) = 6*j**2 + 110*j - 369. Let u(k) = k**2 + 22*k - 74. Let d(b) = -2*o(b) + 11*u(b). Give d(17).
9
Let g(b) be the first derivative of b**2/2 - 9*b - 1839. Give g(7).
-2
Let a(m) be the second derivative of m**6/720 - 15*m**4/4 - 8*m + 9. Let z(i) be the third derivative of a(i). What is z(-1)?
-1
Let v(d) = 3*d - 61. Suppose m + 4*u - 50 = 0, -5*m - 17*u = -13*u - 154. Calculate v(m).
17
Let j(i) = -4*i - i**2 - 5*i**2 - 44498*i**3 + 89002*i**3 + 12 - 44505*i**3. What is j(-6)?
36
Let w(b) = b + 8. Let l be w(-8). Suppose -16*y + 86 - 22 = l. Let v(f) = f**3 - 5*f**2 + 3. Determine v(y).
-13
Suppose 91*b + 159 - 523 = 0. Let u(x) = -67*x + 264. What is u(b)?
-4
Let t(r) be the third derivative of r**4/4 + 2*r**3/3 + 981*r**2. Calculate t(6).
40
Let v = 3890 + 1589. Let k(a) = -5496 - 4*a**3 + 3*a**3 - 19*a + 3*a + v - 16*a**2. Give k(-15).
-2
Let w(u) be the second derivative of -12*u + 1/4*u**4 + 0*u**3 + 0*u**2 + 0 - 1/5*u**5. Calculate w(2).
-20
Let a be (16/6 + -2)/((-1188)/23166). Let t(h) = -9*h - 149. Give t(a).
-32
Let i be (414